{"id":7119,"date":"2018-05-30T21:55:46","date_gmt":"2018-05-30T21:55:46","guid":{"rendered":"http:\/\/themeforest.unitedthemes.com\/wpversions\/brooklyn\/xml\/demo23\/contact-1-no-hero\/"},"modified":"2018-05-30T21:55:46","modified_gmt":"2018-05-30T21:55:46","slug":"contact-1-no-hero","status":"publish","type":"page","link":"https:\/\/szigetelesjol.hu\/index.php\/contact-1-no-hero\/","title":{"rendered":"Contact 1 (no Hero)"},"content":{"rendered":"<div class=\"wpb-content-wrapper\"><p>[vc_section css=&#8221;.vc_custom_1527694031773{background-color: #fafafa !important;}&#8221;][vc_row][vc_column]<div class=\"wpb_content_element \"><style type=\"text\/css\">#ut_header_6a05eb1412de2 h2.section-title{ font-size: 100px }@media (min-width: 768px) { #ut_header_6a05eb1412de2 h2.section-title { line-height: 100px !important; } }#ut_header_6a05eb1412de2 h2.section-title{ letter-spacing: -0.04em }#ut_header_6a05eb1412de2 .lead ins { color:#333333; }<\/style><header id=\"ut_header_6a05eb1412de2\" class=\"section-header  ut-no-title-linebreak-mobile ut-no-lead-linebreak-mobile pt-style-2 header-center header-tablet-center header-mobile-center element-with-custom-line-height\"><div class=\"element-with-custom-line-height element-with-custom-line-height\" ><h2 data-title=\"CONTACT US.\"  data-responsive-font=\"section_title\" data-responsive-font-settings=\"{&quot;base-font-size&quot;:&quot;100&quot;,&quot;base-line-height&quot;:&quot;100&quot;,&quot;base-letter-spacing&quot;:&quot;-0.04&quot;}\" class=\"section-title  \"><span>CONTACT US.<\/span><\/h2><\/div><div data-delay=\"0\" class=\"lead \"><p>We welcome you to <b>contact us<\/b> for more<br \/>\ninformation about any of our products or services.<\/p>\n<\/div><\/header><\/div>[\/vc_column][\/vc_row][\/vc_section][vc_section][vc_row equal_height=&#8221;yes&#8221; content_placement=&#8221;middle&#8221;][vc_column width=&#8221;1\/2&#8243;]<div id=\"ut_cf7_colors_6a05eb1414a04\" class=\"wpb_content_element  \"><p class=\"wpcf7-contact-form-not-found\"><strong>Hiba:<\/strong> Kapcsolatfelv\u00e9teli \u0171rlap nem tal\u00e1lhat\u00f3.<\/p><\/div>[\/vc_column][vc_column width=&#8221;1\/2&#8243;]<div class=\"wpb_content_element  vc_custom_1537311997731\"><style type=\"text\/css\">#ut_scv_6a05eb1414b9e .ut-service-icon i { color: #FFF; }#ut_scv_6a05eb1414b9e .ut-service-icon.ut-service-icon-round { background: rgba(41, 72, 255, 1); }#ut_scv_6a05eb1414b9e .ut-service-icon.ut-service-icon-square { background: rgba(41, 72, 255, 1); }#ut_scv_6a05eb1414b9e .ut-service-icon.ut-service-icon-rounded { background: rgba(41, 72, 255, 1); }#ut_scv_6a05eb1414b9e .ut-service-column.ut-vertical p { margin-top: 10px; }#ut_scv_6a05eb1414b9e .ut-service-column.ut-vertical a.ut-service-column-vertical-link { font-size: 12px; }<\/style><div id=\"ut_scv_6a05eb1414b9e\" class=\" clearfix  ut-vertical-style ut-vertical-style-align-center\" ><figure  class=\"ut-service-icon ut-service-icon-round ut-service-icon-large ut-service-icon-with-svg\">\t\t\t\r\n\t\t\t<style type=\"text\/css\">\r\n\t\t\t\t\r\n\t\t\t\t\t\t\t\t\r\n\t\t\t\t\t#ut-svg-6a05eb1414bc8 { display:none; }\r\n\t\t\t\t\t#ut-svg-6a05eb1414bc8.ut-svg-loaded { display:block; }\r\n\t\t\t\t\r\n\t\t\t\t\r\n\t\t\t\t#ut-svg-6a05eb1414bc8 path { stroke: #ffffff; }\r\n\t\t\t\t#ut-svg-6a05eb1414bc8 line { stroke: #ffffff; }\r\n\t\t\t\t#ut-svg-6a05eb1414bc8 circle { stroke: #ffffff; }\r\n\t\t\t\t#ut-svg-6a05eb1414bc8 rect { stroke: #ffffff; }\r\n\t\t\t\t#ut-svg-6a05eb1414bc8 ellipse { stroke: #ffffff; }\r\n\t\t\t\t#ut-svg-6a05eb1414bc8 polyline { stroke: #ffffff; }\r\n\t\t\t\t#ut-svg-6a05eb1414bc8 polygon { stroke: #ffffff; }\r\n\t\t\t\t\r\n\t\t\t\t#ut-svg-6a05eb1414bc8 [data-name=\"layer1\"] { stroke: #ffffff; }\r\n\t\t\t\t#ut-svg-6a05eb1414bc8 [data-name=\"layer1\"] path { stroke: #ffffff; }\r\n\t\t\t\t\r\n\t\t\t\t\t\t\t\t\t\t\t\t\r\n\t\t\t\t\t\t\t\t\r\n\r\n\t\t\t<\/style>\r\n\t\t\r\n\t\t\r\n\r\n<svg version=\"1.1\" class=\"ut-vivus-draw\" data-settings=\"{&quot;draw_svg_icons&quot;:&quot;yes&quot;,&quot;draw_svg_type&quot;:&quot;oneByOne&quot;,&quot;draw_svg_delay&quot;:&quot;0&quot;,&quot;draw_svg_duration&quot;:&quot;100&quot;}\" id=\"ut-svg-6a05eb1414bc8\" xmlns=\"http:\/\/www.w3.org\/2000\/svg\" xmlns:xlink=\"http:\/\/www.w3.org\/1999\/xlink\" x=\"0px\" y=\"0px\"\r\n\t width=\"64px\" height=\"64px\" viewBox=\"0 0 64 64\" enable-background=\"new 0 0 64 64\" xml:space=\"preserve\">\r\n<path fill=\"none\" stroke=\"#000000\" stroke-width=\"2\" stroke-miterlimit=\"10\" d=\"M11,48C5.477,48,1,43.523,1,38s4.477-10,10-10h2v20\r\n\tH11z\"\/>\r\n<path fill=\"none\" stroke=\"#000000\" stroke-width=\"2\" stroke-miterlimit=\"10\" d=\"M53,28c5.523,0,10,4.477,10,10s-4.477,10-10,10h-2\r\n\tV28H53z\"\/>\r\n<path fill=\"none\" stroke=\"#000000\" stroke-width=\"2\" stroke-miterlimit=\"10\" d=\"M13,31v-9c0,0,0-16,19-16s19,16,19,16v6\"\/>\r\n<polyline fill=\"none\" stroke=\"#000000\" stroke-width=\"2\" stroke-miterlimit=\"10\" points=\"51,48 51,53 36,59 28,59 28,55 36,55 \r\n\t36,58 \"\/>\r\n<\/svg>\r\n<\/figure><div class=\"ut-service-column ut-vertical\"><h3 data-responsive-font=\"h3\" class=\"ut-service-column-title element-with-custom-line-height\">Call us<\/h3><p class=\"element-with-custom-line-height\" data-responsive-font=\"p\">1-8456-563-BKLYN<\/p><\/div><\/div><\/div><div class=\"wpb_content_element  vc_custom_1537312006789\"><style type=\"text\/css\">#ut_scv_6a05eb1414c2f .ut-service-icon i { color: #FFF; }#ut_scv_6a05eb1414c2f .ut-service-icon.ut-service-icon-round { background: rgba(41, 72, 255, 1); }#ut_scv_6a05eb1414c2f .ut-service-icon.ut-service-icon-square { background: rgba(41, 72, 255, 1); }#ut_scv_6a05eb1414c2f .ut-service-icon.ut-service-icon-rounded { background: rgba(41, 72, 255, 1); }#ut_scv_6a05eb1414c2f .ut-service-column.ut-vertical p { margin-top: 10px; }#ut_scv_6a05eb1414c2f .ut-service-column.ut-vertical a.ut-service-column-vertical-link { font-size: 12px; }<\/style><div id=\"ut_scv_6a05eb1414c2f\" class=\" clearfix  ut-vertical-style ut-vertical-style-align-center\" ><figure  class=\"ut-service-icon ut-service-icon-round ut-service-icon-large ut-service-icon-with-svg\">\t\t\t\r\n\t\t\t<style type=\"text\/css\">\r\n\t\t\t\t\r\n\t\t\t\t\t\t\t\t\r\n\t\t\t\t\t#ut-svg-6a05eb1414c44 { display:none; }\r\n\t\t\t\t\t#ut-svg-6a05eb1414c44.ut-svg-loaded { display:block; }\r\n\t\t\t\t\r\n\t\t\t\t\r\n\t\t\t\t#ut-svg-6a05eb1414c44 path { stroke: #ffffff; }\r\n\t\t\t\t#ut-svg-6a05eb1414c44 line { stroke: #ffffff; }\r\n\t\t\t\t#ut-svg-6a05eb1414c44 circle { stroke: #ffffff; }\r\n\t\t\t\t#ut-svg-6a05eb1414c44 rect { stroke: #ffffff; }\r\n\t\t\t\t#ut-svg-6a05eb1414c44 ellipse { stroke: #ffffff; }\r\n\t\t\t\t#ut-svg-6a05eb1414c44 polyline { stroke: #ffffff; }\r\n\t\t\t\t#ut-svg-6a05eb1414c44 polygon { stroke: #ffffff; }\r\n\t\t\t\t\r\n\t\t\t\t#ut-svg-6a05eb1414c44 [data-name=\"layer1\"] { stroke: #ffffff; }\r\n\t\t\t\t#ut-svg-6a05eb1414c44 [data-name=\"layer1\"] path { stroke: #ffffff; }\r\n\t\t\t\t\r\n\t\t\t\t\t\t\t\t\t\t\t\t\r\n\t\t\t\t\t\t\t\t\r\n\r\n\t\t\t<\/style>\r\n\t\t\r\n\t\t\r\n\r\n<svg version=\"1.1\" class=\"ut-vivus-draw\" data-settings=\"{&quot;draw_svg_icons&quot;:&quot;yes&quot;,&quot;draw_svg_type&quot;:&quot;oneByOne&quot;,&quot;draw_svg_delay&quot;:&quot;0&quot;,&quot;draw_svg_duration&quot;:&quot;100&quot;}\" id=\"ut-svg-6a05eb1414c44\" xmlns=\"http:\/\/www.w3.org\/2000\/svg\" xmlns:xlink=\"http:\/\/www.w3.org\/1999\/xlink\" x=\"0px\" y=\"0px\"\r\n\t width=\"64px\" height=\"64px\" viewBox=\"0 0 64 64\" enable-background=\"new 0 0 64 64\" xml:space=\"preserve\">\r\n<rect x=\"1\" y=\"18\" fill=\"none\" stroke=\"#000000\" stroke-width=\"2\" stroke-miterlimit=\"10\" width=\"52\" height=\"32\"\/>\r\n<polyline fill=\"none\" stroke=\"#000000\" stroke-width=\"2\" stroke-miterlimit=\"10\" points=\"9.887,16 9.887,9 63,9 63,41 55,41 \"\/>\r\n<polyline fill=\"none\" stroke=\"#000000\" stroke-width=\"2\" stroke-miterlimit=\"10\" points=\"0.887,18 27,33.062 53,18 \"\/>\r\n<\/svg>\r\n<\/figure><div class=\"ut-service-column ut-vertical\"><h3 data-responsive-font=\"h3\" class=\"ut-service-column-title element-with-custom-line-height\">Mail us<\/h3><p class=\"element-with-custom-line-height\" data-responsive-font=\"p\">contact@email.com<\/p><\/div><\/div><\/div><div class=\"wpb_content_element  vc_custom_1537312012417\"><style type=\"text\/css\">#ut_scv_6a05eb1414c79 .ut-service-icon i { color: #FFF; }#ut_scv_6a05eb1414c79 .ut-service-icon.ut-service-icon-round { background: rgba(41, 72, 255, 1); }#ut_scv_6a05eb1414c79 .ut-service-icon.ut-service-icon-square { background: rgba(41, 72, 255, 1); }#ut_scv_6a05eb1414c79 .ut-service-icon.ut-service-icon-rounded { background: rgba(41, 72, 255, 1); }#ut_scv_6a05eb1414c79 .ut-service-column.ut-vertical p { margin-top: 10px; }#ut_scv_6a05eb1414c79 .ut-service-column.ut-vertical a.ut-service-column-vertical-link { font-size: 12px; }<\/style><div id=\"ut_scv_6a05eb1414c79\" class=\" clearfix  ut-vertical-style ut-vertical-style-align-center\" ><figure  class=\"ut-service-icon ut-service-icon-round ut-service-icon-large ut-service-icon-with-svg\">\t\t\t\r\n\t\t\t<style type=\"text\/css\">\r\n\t\t\t\t\r\n\t\t\t\t\t\t\t\t\r\n\t\t\t\t\t#ut-svg-6a05eb1414c8a { display:none; }\r\n\t\t\t\t\t#ut-svg-6a05eb1414c8a.ut-svg-loaded { display:block; }\r\n\t\t\t\t\r\n\t\t\t\t\r\n\t\t\t\t#ut-svg-6a05eb1414c8a path { stroke: #ffffff; }\r\n\t\t\t\t#ut-svg-6a05eb1414c8a line { stroke: #ffffff; }\r\n\t\t\t\t#ut-svg-6a05eb1414c8a circle { stroke: #ffffff; }\r\n\t\t\t\t#ut-svg-6a05eb1414c8a rect { stroke: #ffffff; }\r\n\t\t\t\t#ut-svg-6a05eb1414c8a ellipse { stroke: #ffffff; }\r\n\t\t\t\t#ut-svg-6a05eb1414c8a polyline { stroke: #ffffff; }\r\n\t\t\t\t#ut-svg-6a05eb1414c8a polygon { stroke: #ffffff; }\r\n\t\t\t\t\r\n\t\t\t\t#ut-svg-6a05eb1414c8a [data-name=\"layer1\"] { stroke: #ffffff; }\r\n\t\t\t\t#ut-svg-6a05eb1414c8a [data-name=\"layer1\"] path { stroke: #ffffff; }\r\n\t\t\t\t\r\n\t\t\t\t\t\t\t\t\t\t\t\t\r\n\t\t\t\t\t\t\t\t\r\n\r\n\t\t\t<\/style>\r\n\t\t\r\n\t\t\r\n\r\n<svg version=\"1.1\" class=\"ut-vivus-draw\" data-settings=\"{&quot;draw_svg_icons&quot;:&quot;yes&quot;,&quot;draw_svg_type&quot;:&quot;oneByOne&quot;,&quot;draw_svg_delay&quot;:&quot;0&quot;,&quot;draw_svg_duration&quot;:&quot;100&quot;}\" id=\"ut-svg-6a05eb1414c8a\" xmlns=\"http:\/\/www.w3.org\/2000\/svg\" xmlns:xlink=\"http:\/\/www.w3.org\/1999\/xlink\" x=\"0px\" y=\"0px\"\r\n\t width=\"64px\" height=\"64px\" viewBox=\"0 0 64 64\" enable-background=\"new 0 0 64 64\" xml:space=\"preserve\">\r\n<polygon fill=\"none\" stroke=\"#000000\" stroke-width=\"2\" stroke-miterlimit=\"10\" points=\"55,24 22,24 22,12 55,12 62,18 \"\/>\r\n<polygon fill=\"none\" stroke=\"#000000\" stroke-width=\"2\" stroke-miterlimit=\"10\" points=\"9,28 42,28 42,40 9,40 2,34 \"\/>\r\n<line fill=\"none\" stroke=\"#000000\" stroke-width=\"2\" stroke-miterlimit=\"10\" x1=\"32\" y1=\"40\" x2=\"32\" y2=\"64\"\/>\r\n<line fill=\"none\" stroke=\"#000000\" stroke-width=\"2\" stroke-miterlimit=\"10\" x1=\"32\" y1=\"28\" x2=\"32\" y2=\"24\"\/>\r\n<line fill=\"none\" stroke=\"#000000\" stroke-width=\"2\" stroke-miterlimit=\"10\" x1=\"32\" y1=\"12\" x2=\"32\" y2=\"7\"\/>\r\n<line fill=\"none\" stroke=\"#000000\" stroke-width=\"2\" stroke-miterlimit=\"10\" x1=\"24\" y1=\"63\" x2=\"40\" y2=\"63\"\/>\r\n<\/svg>\r\n<\/figure><div class=\"ut-service-column ut-vertical\"><h3 data-responsive-font=\"h3\" class=\"ut-service-column-title element-with-custom-line-height\">Visit us<\/h3><p class=\"element-with-custom-line-height\" data-responsive-font=\"p\">1399 Beverley Rd<br \/>\nBrooklyn, NY 11218<\/p><\/div><\/div><\/div>[\/vc_column][\/vc_row][\/vc_section]<\/p>\n<\/div>","protected":false},"excerpt":{"rendered":"<p>[vc_section css=&#8221;.vc_custom_1527694031773{background-color: #fafafa !important;}&#8221;][vc_row][vc_column][\/vc_column][\/vc_row][\/vc_section][vc_section][vc_row equal_height=&#8221;yes&#8221; content_placement=&#8221;middle&#8221;][vc_column width=&#8221;1\/2&#8243;][\/vc_column][vc_column width=&#8221;1\/2&#8243;][\/vc_column][\/vc_row][\/vc_section]<\/p>\n","protected":false},"author":1,"featured_media":0,"parent":0,"menu_order":0,"comment_status":"closed","ping_status":"closed","template":"","meta":{"footnotes":""},"class_list":["post-7119","page","type-page","status-publish","hentry"],"_links":{"self":[{"href":"https:\/\/szigetelesjol.hu\/index.php\/wp-json\/wp\/v2\/pages\/7119","targetHints":{"allow":["GET"]}}],"collection":[{"href":"https:\/\/szigetelesjol.hu\/index.php\/wp-json\/wp\/v2\/pages"}],"about":[{"href":"https:\/\/szigetelesjol.hu\/index.php\/wp-json\/wp\/v2\/types\/page"}],"author":[{"embeddable":true,"href":"https:\/\/szigetelesjol.hu\/index.php\/wp-json\/wp\/v2\/users\/1"}],"replies":[{"embeddable":true,"href":"https:\/\/szigetelesjol.hu\/index.php\/wp-json\/wp\/v2\/comments?post=7119"}],"version-history":[{"count":0,"href":"https:\/\/szigetelesjol.hu\/index.php\/wp-json\/wp\/v2\/pages\/7119\/revisions"}],"wp:attachment":[{"href":"https:\/\/szigetelesjol.hu\/index.php\/wp-json\/wp\/v2\/media?parent=7119"}],"curies":[{"name":"wp","href":"https:\/\/api.w.org\/{rel}","templated":true}]}}